{"id":30,"date":"2011-02-06T19:56:32","date_gmt":"2011-02-06T19:56:32","guid":{"rendered":"http:\/\/www.union-nettetal.de\/wp\/?page_id=30"},"modified":"2026-04-16T05:59:48","modified_gmt":"2026-04-16T05:59:48","slug":"kalender","status":"publish","type":"page","link":"https:\/\/union-nettetal.de\/?page_id=30","title":{"rendered":"Termine 2026"},"content":{"rendered":"\n<p>Samstag 07.03.  Beginn Arbeitseins\u00e4tze zur Platzinstandsetzung plus die 4 folgenden Samstage<\/p>\n\n\n\n<p>Samstag 04.04. Osterfr\u00fchst\u00fcck mit Saisoner\u00f6ffnung<\/p>\n\n\n\n<p>18.-19.04. ab 10 Uhr  1.LK Turnier<\/p>\n\n\n\n<p>Sonntag 19.07. 11Uhr Jahreshauptversammlung<\/p>\n\n\n\n<p>Ende August  2.LK Turnier<\/p>\n\n\n\n<p>04.- 05.09. Juxturnier<\/p>\n\n\n\n<p>11.-12. und 13.09. Klubmeisterschaft Einzel<\/p>\n\n\n\n<p>18.-19.09. Klubmeisterschaft Doppel und Mixed<\/p>\n\n\n\n<p>Sa.07.11. 10 Uhr Arbeitseinsatz schlie\u00dfen der Pl\u00e4tze<\/p>\n","protected":false},"excerpt":{"rendered":"<p>Samstag 07.03. Beginn Arbeitseins\u00e4tze zur Platzinstandsetzung plus die 4 folgenden Samstage Samstag 04.04. Osterfr\u00fchst\u00fcck mit Saisoner\u00f6ffnung 18.-19.04. ab 10 Uhr 1.LK Turnier Sonntag 19.07. 11Uhr Jahreshauptversammlung Ende August 2.LK Turnier 04.- 05.09. Juxturnier 11.-12. und 13.09. Klubmeisterschaft Einzel 18.-19.09. Klubmeisterschaft Doppel und Mixed Sa.07.11. 10 Uhr Arbeitseinsatz schlie\u00dfen der Pl\u00e4tze<\/p>\n","protected":false},"author":1,"featured_media":0,"parent":0,"menu_order":5,"comment_status":"closed","ping_status":"closed","template":"","meta":[],"_links":{"self":[{"href":"https:\/\/union-nettetal.de\/index.php?rest_route=\/wp\/v2\/pages\/30"}],"collection":[{"href":"https:\/\/union-nettetal.de\/index.php?rest_route=\/wp\/v2\/pages"}],"about":[{"href":"https:\/\/union-nettetal.de\/index.php?rest_route=\/wp\/v2\/types\/page"}],"author":[{"embeddable":true,"href":"https:\/\/union-nettetal.de\/index.php?rest_route=\/wp\/v2\/users\/1"}],"replies":[{"embeddable":true,"href":"https:\/\/union-nettetal.de\/index.php?rest_route=%2Fwp%2Fv2%2Fcomments&post=30"}],"version-history":[{"count":38,"href":"https:\/\/union-nettetal.de\/index.php?rest_route=\/wp\/v2\/pages\/30\/revisions"}],"predecessor-version":[{"id":5565,"href":"https:\/\/union-nettetal.de\/index.php?rest_route=\/wp\/v2\/pages\/30\/revisions\/5565"}],"wp:attachment":[{"href":"https:\/\/union-nettetal.de\/index.php?rest_route=%2Fwp%2Fv2%2Fmedia&parent=30"}],"curies":[{"name":"wp","href":"https:\/\/api.w.org\/{rel}","templated":true}]}}